{"version":"1.0","provider_name":"OtthonSzerelem","provider_url":"https:\/\/otthonszerelem.cafeblog.hu","author_name":"Kolbe-Havrics Imola","author_url":"https:\/\/otthonszerelem.cafeblog.hu\/author\/kolbehavricsimolagmail-com\/","title":"Art Deco \u0151r\u00fclet","html":"Hamarosan beavatlak Titeket, hogy kihezmihez kapcsol\u00f3dik az art deco \u0151r\u00fclet, de belehabarodtam \u00e9s engedni nem engedem innen soha.. :)\r\n\r\nEgy nappali-\u00e9tkez\u0151-konyha a f\u0151h\u0151s, mozgathat\u00f3 falakkal \u00e9s puc\u00e9r t\u00e9gl\u00e1kkal, amik m\u00e1r j\u00f3l ismernek engem, pedig m\u00e9g hossz\u00fa \u00fat \u00e1ll el\u0151tt\u00fcnk.\r\n\r\nAmi biztos, hogy a h\u00f3feh\u00e9rrel k\u00f6zeli bar\u00e1ts\u00e1gban lesz\u00fcnk \u00edgy az elej\u00e9t\u0151l. Hosszas, 3 k\u00f6r\u00f6s tap\u00e9ta-textil kutat\u00e1s, \u00e1sat\u00e1s, k\u00f6nyvhazacipel\u00e9s, azzal \u00e1lmod\u00e1s, mindenf\u00e9le falnak nekit\u00e1maszt\u00e1s, hunyorogva n\u00e9z\u00e9s k\u00f6vetkezm\u00e9nye \u0150k.\r\n\r\nSzerelem.\r\n<p style=\"text-align: center\"><a href=\"https:\/\/otthonszerelem.cafeblog.hu\/files\/2014\/06\/photo1-11.jpg\"><img class=\"alignnone size-large wp-image-2618\" src=\"https:\/\/otthonszerelem.cafeblog.hu\/files\/2014\/06\/photo1-11-447x600.jpg\" alt=\"photo1 (1)\" width=\"447\" height=\"600\" \/><\/a> <a href=\"https:\/\/otthonszerelem.cafeblog.hu\/files\/2014\/06\/photo2.jpg\"><img class=\"alignnone size-large wp-image-2619\" src=\"https:\/\/otthonszerelem.cafeblog.hu\/files\/2014\/06\/photo2-600x447.jpg\" alt=\"photo2\" width=\"600\" height=\"447\" \/><\/a><\/p>\r\nEz a r\u00f3zsasz\u00edn felh\u0151 (pici morzs\u00e1ja). K\u00edv\u00e1ncsi vagy a z\u00f6ty\u00f6g\u0151s \u00fatra is, amivel m\u00e9g j\u00e1r ez az \u00e9p\u00edtkez\u00e9s?\r\n\r\n&nbsp;","type":"rich"}

Art Deco őrület

Hamarosan beavatlak Titeket, hogy kihezmihez kapcsolódik az art deco őrület, de belehabarodtam és engedni nem engedem innen soha.. :)

Egy nappali-étkező-konyha a főhős, mozgatható falakkal és pucér téglákkal, amik már jól ismernek engem, pedig még hosszú út áll előttünk.

Ami biztos, hogy a hófehérrel közeli barátságban leszünk így az elejétől. Hosszas, 3 körös tapéta-textil kutatás, ásatás, könyvhazacipelés, azzal álmodás, mindenféle falnak nekitámasztás, hunyorogva nézés következménye Ők.

Szerelem.
<p style="text-align: center"><a href="https://otthonszerelem.cafeblog.hu/files/2014/06/photo1-11.jpg"><img class="alignnone size-large wp-image-2618" src="https://otthonszerelem.cafeblog.hu/files/2014/06/photo1-11-447x600.jpg" alt="photo1 (1)" width="447" height="600" /></a> <a href="https://otthonszerelem.cafeblog.hu/files/2014/06/photo2.jpg"><img class="alignnone size-large wp-image-2619" src="https://otthonszerelem.cafeblog.hu/files/2014/06/photo2-600x447.jpg" alt="photo2" width="600" height="447" /></a></p>
Ez a rózsaszín felhő (pici morzsája). Kíváncsi vagy a zötyögős útra is, amivel még jár ez az építkezés?

&nbsp;
